common divisor of y and b?
4
Let n(g) = -g + 2. Suppose 0*b + b = 2. Let l be n(b). Suppose 4*w - 28 = -l*w. What is the greatest common divisor of w and 1?
1
Suppose -3*a + 41 = -13. Calculate the greatest common divisor of a and 126.
18
Let v = 8 + 8. Let l be 1/1*(-1 - -3). What is the greatest common factor of l and v?
2
Suppose 0 = k - 2*k + 12. Suppose 2*n - 44 = -2*v - 2*v, -3*n - 2*v + 82 = 0. Calculate the greatest common divisor of k and n.
6
Let p(x) = -24*x**3 - x**2. Let w(b) = b + 3. Let n be w(-4). Let f be p(n). Let t = f - -17. Calculate the highest common divisor of 8 and t.
8
Let s be (12/(-18))/((-4)/6). Suppose -3*t = -4*d + 8, -5*d = -3*t + 2*t + s. Let w be d + 2 + -1 - -10. Calculate the highest common factor of w and 30.
10
Let b = 30 + -22. Suppose b*s = 7*s + 16. Calculate the greatest common divisor of 4 and s.
4
Let t be 11/5 + (-4)/20. Suppose 3*z + 4*b + b - 134 = 0, z + t*b = 46. What is the highest common divisor of 57 and z?
19
Suppose -4*b + 605 = b - 5*f, -5*f = b - 115. Calculate the greatest common divisor of 15 and b.
15
Let z(f) = f**2 - 2*f - 4. Let y(g) = g + 13. Let k be y(-9). Let j be z(k). Let c = j + 4. What is the highest common divisor of c and 32?
8
Let m be 8/16 - (-3)/(-2). Let y be 3 + -6 - m*13. Calculate the greatest common factor of 50 and y.
10
Suppose -2 = v, -4*v + 194 - 676 = -2*u. Suppose -u = -5*q + 93. What is the greatest common factor of 44 and q?
22
Let j = -5 + 8. Let i = 2 + j. Let d(r) = -3*r - 1. Let z be d(-2). Calculate the greatest common divisor of i and z.
5
Suppose 34 = 2*m - 0*m. Suppose -4*g + 803 - 55 = 0. What is the highest common factor of m and g?
17
Let w(l) = -l**3 - 3*l**2 + 7*l - 2. Let t be w(-5). Let z = 613 + -359. Suppose -2*r + z = 46. What is the highest common factor of r and t?
13
Suppose 4*f = -7*f + 11. Let h = 10 - 6. What is the greatest common divisor of h and f?
1
Suppose 0 = 5*s - 69 + 4. Let y = s + -18. Let u = y - -20. What is the highest common factor of 135 and u?
15
Suppose 3*k - 3 = -o - 0, -4*o - 10 = k. What is the greatest common factor of 1 and k?
1
Suppose 6*y + 72 = 4*c + 2*y, -4*c - 4*y + 72 = 0. What is the highest common factor of 2 and c?
2
Let l be (-4*13)/(10/(-20)). Calculate the greatest common factor of 13 and l.
13
Suppose 0 = 2*o + 2*o - 4*c - 52, -c + 41 = 2*o. Let y be 20/(-10)*18/(-1). What is the greatest common divisor of y and o?
18
Let r(o) = 2*o**2 + 8*o - 7. Let y be r(-7). What is the greatest common divisor of 7 and y?
7
Suppose 60 = 8*x - 4*x. What is the highest common factor of x and 165?
15
Let d = 68 + -20. Calculate the greatest common factor of 64 and d.
16
Suppose 2*x + 6 = 0, -b + 9 = -5*x + x. Let q = 3 + b. Let a be q/(-2) - (2 + -13). What is the greatest common divisor of a and 22?
11
Let f = 12 - 6. Suppose 5*k = 7*k - 108. What is the highest common divisor of k and f?
6
Suppose -2*l = -14*l + 672. Calculate the highest common divisor of 140 and l.
28
Let z(u) = -u**3 - 7*u**2 + 8. Let g be z(-7). Let v = g - 15. Let w be (14 + v)*(0 - -3). What is the highest common factor of w and 105?
21
Suppose 0 = 4*g + 5*u + 8, -2*g + 6*g + 4*u + 4 = 0. Let q be 6*4/g + 2. What is the greatest common factor of q and 90?
10
Let r be 92/6 + (-3)/9. Let t be -3*(-8)/12 + 373. Suppose -t = -3*f - 2*f. What is the greatest common factor of r and f?
15
Let u(q) = q**2 + q + 5. Let l be u(0). Suppose 9*h - 4*h = -l*z + 55, -5*z - 20 = 0. What is the highest common factor of 5 and h?
5
Suppose 3*g - 8 = 10. Let o = 31 + -7. Calculate the highest common divisor of g and o.
6
Suppose -2*c = -2*m, -2*c = 3*m + 3*c - 32. Suppose -m*i + 13 = -59. What is the highest common factor of 198 and i?
18
Let h = -4 - -10. Let l = h - 4. What is the greatest common divisor of 4 and l?
2
Suppose 5*y - 54 = -2*j, 3*j + 49 - 5 = 5*y. Suppose -u + 3*u = y. What is the greatest common divisor of u and 35?
5
Let n(m) = -4*m - 22. Let w be n(-11). What is the greatest common factor of w and 33?
11
Suppose 12 + 3 = 5*v, -45 = -f - 5*v. Suppose 4*i = 6*i - f. Calculate the greatest common factor of i and 15.
15
Let p(v) = 19*v + 7. Let b be p(6). Suppose -k = -2*k + 3. Suppose -k*a = 2*a - 55. Calculate the greatest common factor of a and b.
11
Suppose 7*b - 48 = 3*b. Suppose l = b + 18. What is the highest common divisor of 45 and l?
15
Suppose -8*l + 3*l - 140 = 0. Let f be 12/(3/84*6). Let x = f + l. Calculate the highest common factor of 70 and x.
14
Let b be (-2)/3 - (-208)/6. What is the greatest common divisor of b and 51?
17
Let h = 125 - -15. Suppose -s + 11 = -9. What is the greatest common factor of s and h?
20
Suppose -7*g = 4*g - 858. What is the greatest common divisor of 6 and g?
6
Let c be ((-3)/(-5))/((-6)/(-60)). What is the highest common factor of c and 4?
2
Let i(q) = -q**3 - 7*q**2 - 12*q - 18. Let a be i(-6). Calculate the highest common factor of 4 and a.
2
Let s = -15 - -29. What is the greatest common factor of s and 7?
7
Suppose -3*m = 5*g - 1947, -4*g = -2*m - 0*m - 1562. Let q = g + -210. What is the greatest common divisor of q and 20?
20
Suppose 0 = 2*l + 2*d - 7*d - 4, 0 = 3*l + 2*d - 6. Let h = l - -3. Let x be (56/h)/((-7)/(-35)). Calculate the greatest common divisor of 7 and x.
7
Suppose 5*v - 430 - 190 = 0. Calculate the greatest common divisor of v and 4.
4
Let q be (-1*6*11)/(12/(-32)). Calculate the highest common factor of 22 and q.
22
Suppose -d + 170 = -q, 5*d = -q + 529 + 327. Let o = 62 + -43. Calculate the highest common divisor of d and o.
19
Let j = -48 + 85. Let n = j - 21. Calculate the highest common factor of n and 80.
16
Suppose 5*j + 4*r + 2 = -2, -2*j + 3*r + 3 = 0. Let s be 18 + j/2 + 0. Calculate the highest common divisor of 27 and s.
9
Let p(f) = -f**3 + 14*f**2 + f - 11. Let h be p(14). Calculate the highest common factor of h and 9.
3
Suppose 2*s - 20 = 6. Suppose 0 = -3*m + 1143 + 309. Suppose -4*z + 250 = 2*w - 0*z, 4*w + 4*z - m = 0. What is the greatest common factor of s and w?
13
Let l be 22 - ((4 - 0) + -4 + 1). What is the highest common divisor of l and 7?
7
Suppose 7*b = -48 + 132. Let k = 21 + 3. What is the greatest common factor of b and k?
12
Let m(q) = -q**2 - 14*q - 4. Let r be m(-10). Calculate the greatest common divisor of 36 and r.
36
Suppose -2*d = 2, d + 65 = 5*p + 6*d. Calculate the highest common divisor of 56 and p.
14
Let y(q) be the third derivative of q**5/20 + q**4/12 - q**3/6 - 5*q**2. Let f be y(2). What is the greatest common factor of f and 30?
15
Let l(n) = 9*n + 26. Let z be l(11). What is the greatest common factor of z and 50?
25
Suppose -2*f - z = -8, 3*f - 6 + 0 = -3*z. Calculate the highest common divisor of f and 15.
3
Let z be (4 - 8)/(2/(-8)). Calculate the highest common factor of z and 8.
8
Suppose 0*a - 3*c = -4*a + 176, 4*a + 4*c = 204. Suppose -2*x = -0*h + 3*h - 38, 0 = -4*h + x + a. Calculate the highest common divisor of h and 48.
12
Let k be 283/(1 - (-4)/(-6)). Suppose -f - k = -2*f. Suppose -2*r = 5*g - 0*g - 327, 2*g - f = -5*r. Calculate the greatest common divisor of r and 19.
19
Let r(i) = 3*i**2 - 2*i - 1. Let j be r(5). Let h be 57/6 - 6/4. What is the highest common factor of j and h?
8
Suppose 5*g - 33 - 57 = 0. What is the greatest common factor of g and 90?
18
Let z(r) = 8*r**2 + 17*r + 12. Let i be z(-6). Calculate the greatest common divisor of i and 22.
22
Suppose 0 = d - 2*b + 24, 4*d + 5*b + 30 + 27 = 0. Let x be (-1)/2 - (-9)/2. Let y be (-2 - x)*d/4. What is the highest common factor of 9 and y?
9
Let q(k) = k + 7. Let h be q(0). Let f be (-193)/(-4) + (60/16 - 3). What is the greatest common factor of h and f?
7
Let w(q) = 2*q**2 + 5*q + 3. Let m be w(-5). Let x(f) = 7*f**3 - f**2 - f + 1. Let d be x(1). Let o = d + -2. Calculate the highest common divisor of m and o.
4
Let w be 0 + 1 + (104 - 6). Let t = 0 - -11. Calculate the greatest common factor of w and t.
11
Let s(k) be the second derivative of 0 - 2*k + 1/6*k**4 + 4*k**2 + 5/6*k**3. Let x be s(6). Calculate the highest common factor of x and 10.
10
Suppose 0 = -y - 4*c + 29, 3*y + 2*c - 2 = 7*c. Suppose x - 7 = -2*l, 3*l + 13 = -4*x + 36. What is the highest common divisor of y and l?
1
Let h = -4 + 14. What is the greatest common divisor of 